{"id":132,"date":"2024-10-18T12:02:13","date_gmt":"2024-10-18T12:02:13","guid":{"rendered":"https:\/\/psiholog-satu-mare.com\/hu\/?page_id=132"},"modified":"2025-02-20T18:04:17","modified_gmt":"2025-02-20T18:04:17","slug":"emdr-terapia","status":"publish","type":"page","link":"https:\/\/psiholog-satu-mare.com\/hu\/emdr-terapia\/","title":{"rendered":"EMDR Ter\u00e1pia \u2013 Hat\u00e9kony M\u00f3dszer a Traumafeldolgoz\u00e1sban"},"content":{"rendered":"<section class=\"l-section wpb_row height_medium\"><div class=\"l-section-h i-cf\"><div class=\"g-cols vc_row via_flex valign_top type_default stacking_default\"><div class=\"vc_col-sm-12 wpb_column vc_column_container\"><div class=\"vc_column-inner\"><div class=\"wpb_wrapper\"><div class=\"wpb_text_column\"><div class=\"wpb_wrapper\"><h1>EMDR Ter\u00e1pia \u2013 Hat\u00e9kony M\u00f3dszer a Traumafeldolgoz\u00e1sban<\/h1>\n<\/div><\/div><\/div><\/div><\/div><\/div><\/div><\/section><section class=\"l-section wpb_row height_medium\"><div class=\"l-section-h i-cf\"><div class=\"g-cols vc_row via_flex valign_top type_default stacking_default\"><div class=\"vc_col-sm-12 wpb_column vc_column_container\"><div class=\"vc_column-inner\"><div class=\"wpb_wrapper\"><div class=\"wpb_text_column\"><div class=\"wpb_wrapper\"><p class=\"p1\">Az EMDR ter\u00e1pia (Eye Movement Desensitization and Reprocessing), magyarul szemmozg\u00e1s deszenzitiz\u00e1l\u00e1s \u00e9s \u00e1tdolgoz\u00e1s, egy tudom\u00e1nyosan megalapozott pszichoter\u00e1pi\u00e1s m\u00f3dszer, amely seg\u00edt a traumatikus \u00e9lm\u00e9nyek feldolgoz\u00e1s\u00e1ban. Dr. Francine Shapiro fejlesztette ki az 1980-as \u00e9vek v\u00e9g\u00e9n, \u00e9s m\u00e1ra vil\u00e1gszerte elismert m\u00f3dszerr\u00e9 v\u00e1lt.<\/p>\n<p class=\"p1\"><b>Mi az a trauma?<\/b><\/p>\n<p class=\"p2\"><em>&#8220;A trauma az emberi \u00e9let r\u00e9sze, de nem kell, hogy meghat\u00e1rozza az \u00e9let\u00fcnket.&#8221;\u00a0 \u00a0<\/em><strong>&#8211; Peter Levine &#8211;<\/strong><\/p>\n<p class=\"p1\">A <b>trauma<\/b> olyan esem\u00e9ny vagy sorozatos esem\u00e9ny, amely meghaladja az egy\u00e9n megk\u00fczd\u00e9si k\u00e9pess\u00e9geit, hirtelen sokkhat\u00e1sk\u00e9nt \u00e9ri, \u00e9s hosszan tart\u00f3 lelki nyomot hagy. A trauma lehet fizikai, \u00e9rzelmi vagy pszichol\u00f3giai eredet\u0171, \u00e9s gyakran kapcsol\u00f3dik vesztes\u00e9ghez, er\u0151szakhoz, balesethez, term\u00e9szeti katasztr\u00f3f\u00e1hoz, vagy b\u00e1rmilyen olyan helyzethez, amelyben az egy\u00e9n tehetetlennek \u00e9rzi mag\u00e1t.<\/p>\n<p class=\"p1\">A trauma hat\u00e1sai rendk\u00edv\u00fcl sokf\u00e9l\u00e9k lehetnek:<\/p>\n<ul class=\"ul1\">\n<li class=\"li1\"><span class=\"s1\"><\/span>\u00c9rzelmi t\u00fcnetek: szorong\u00e1s, f\u00e9lelem, d\u00fch, b\u0171ntudat, \u00e9rzelmi zsibbadts\u00e1g.<\/li>\n<li class=\"li1\"><span class=\"s1\"><\/span>Fizikai t\u00fcnetek: alv\u00e1si zavarok, fejf\u00e1j\u00e1s, f\u00e1jdalmak, f\u00e1radts\u00e1g.<\/li>\n<li class=\"li1\"><span class=\"s1\"><\/span>Viselked\u00e9sbeli v\u00e1ltoz\u00e1sok: elker\u00fcl\u0151 magatart\u00e1s, f\u00f3kusz\u00e1l\u00e1si neh\u00e9zs\u00e9gek, ingerl\u00e9kenys\u00e9g.<\/li>\n<\/ul>\n<p class=\"p1\">Nem mindenkit \u00e9rint ugyan\u00faz a trauma ugyanolyan m\u00e9lys\u00e9gben. Ami az egyik szem\u00e9ly sz\u00e1m\u00e1ra feldolgozhat\u00f3, az m\u00e1snap sz\u00e1m\u00e1ra komoly lelki megterhel\u00e9st okozhat.<\/p>\n<p class=\"p1\"><b>Hogyan m\u0171k\u00f6dik az EMDR ter\u00e1pia?<\/b><b><\/b><\/p>\n<p class=\"p1\">Az EMDR ter\u00e1pia alapja, hogy a traumatikus eml\u00e9kek gyakran nem megfelel\u0151en dolgoz\u00f3dnak fel, ami szorong\u00e1shoz, poszttraum\u00e1s stressz szindr\u00f3m\u00e1hoz (PTSD), depresszi\u00f3hoz \u00e9s egy\u00e9b lelki t\u00fcnetekhez vezethet. Az EMDR sor\u00e1n a p\u00e1ciens biztons\u00e1gos k\u00f6rnyezetben, a terapeuta ir\u00e1ny\u00edt\u00e1s\u00e1val visszaeml\u00e9kezik a megterhel\u0151 esem\u00e9nyekre, mik\u00f6zben szemmozg\u00e1sokat vagy egy\u00e9b bilater\u00e1lis stimul\u00e1ci\u00f3t alkalmaznak. Ez el\u0151seg\u00edti az agy inform\u00e1ci\u00f3feldolgoz\u00e1si folyamatait, cs\u00f6kkentve az eml\u00e9k negat\u00edv hat\u00e1s\u00e1t.<\/p>\n<p class=\"p1\"><b>Milyen probl\u00e9k\u00e1kra alkalmazhat\u00f3?<\/b><b><\/b><\/p>\n<p class=\"p1\">Az EMDR ter\u00e1pia hat\u00e9kony lehet t\u00f6bbek k\u00f6z\u00f6tt az al\u00e1bbi esetekben:<\/p>\n<ul class=\"ul1\">\n<li class=\"li1\"><span class=\"s1\"><\/span>Poszttraum\u00e1s stressz zavar (PTSD)<\/li>\n<li class=\"li1\"><span class=\"s1\"><\/span>Szorong\u00e1sos zavarok<\/li>\n<li class=\"li1\"><span class=\"s1\"><\/span>F\u00f3bi\u00e1k<\/li>\n<li class=\"li1\"><span class=\"s1\"><\/span>Depresszi\u00f3<\/li>\n<li class=\"li1\"><span class=\"s1\"><\/span>Gy\u00e1szfeldolgoz\u00e1s<\/li>\n<li class=\"li1\"><span class=\"s1\"><\/span>Kr\u00f3nikus stressz \u00e9s alacsony \u00f6nbecs\u00fcl\u00e9s<\/li>\n<\/ul>\n<p class=\"p1\"><b>Mi\u00e9rt v\u00e1lassza az EMDR ter\u00e1pi\u00e1t?<\/b><b><\/b><\/p>\n<ul class=\"ul1\">\n<li class=\"li1\"><span class=\"s1\"><\/span>Tudom\u00e1nyosan igazolt hat\u00e9konys\u00e1g<\/li>\n<li class=\"li1\"><span class=\"s1\"><\/span>Gyorsabb eredm\u00e9nyek a hagyom\u00e1nyos m\u00f3dszerekhez k\u00e9pest<\/li>\n<li class=\"li1\"><span class=\"s1\"><\/span>Nem sz\u00fcks\u00e9ges r\u00e9szletes verb\u00e1lis feldolgoz\u00e1s<\/li>\n<li class=\"li1\"><span class=\"s1\"><\/span>Biztons\u00e1gos \u00e9s struktur\u00e1lt megk\u00f6zel\u00edt\u00e9s<\/li>\n<\/ul>\n<\/div><\/div><\/div><\/div><\/div><\/div><\/div><\/section><section class=\"l-section wpb_row height_medium\"><div class=\"l-section-h i-cf\"><div class=\"g-cols vc_row via_flex valign_top type_default stacking_default\"><div class=\"vc_col-sm-12 wpb_column vc_column_container\"><div class=\"vc_column-inner\"><div class=\"wpb_wrapper\"><div class=\"w-image align_none\"><div class=\"w-image-h\"><img decoding=\"async\" width=\"1400\" height=\"1399\" src=\"https:\/\/psiholog-satu-mare.com\/hu\/wp-content\/uploads\/2024\/10\/Kepernyofoto-2024-10-18-15.01.13.jpg\" class=\"attachment-full size-full\" alt=\"\" loading=\"lazy\" srcset=\"https:\/\/psiholog-satu-mare.com\/hu\/wp-content\/uploads\/2024\/10\/Kepernyofoto-2024-10-18-15.01.13.jpg 1400w, https:\/\/psiholog-satu-mare.com\/hu\/wp-content\/uploads\/2024\/10\/Kepernyofoto-2024-10-18-15.01.13-300x300.jpg 300w, https:\/\/psiholog-satu-mare.com\/hu\/wp-content\/uploads\/2024\/10\/Kepernyofoto-2024-10-18-15.01.13-1024x1024.jpg 1024w, https:\/\/psiholog-satu-mare.com\/hu\/wp-content\/uploads\/2024\/10\/Kepernyofoto-2024-10-18-15.01.13-150x150.jpg 150w\" sizes=\"auto, (max-width: 1400px) 100vw, 1400px\" \/><\/div><\/div><\/div><\/div><\/div><\/div><\/div><\/section>\n","protected":false},"excerpt":{"rendered":"EMDR Ter\u00e1pia \u2013 Hat\u00e9kony M\u00f3dszer a Traumafeldolgoz\u00e1sban Az EMDR ter\u00e1pia (Eye Movement Desensitization and Reprocessing), magyarul szemmozg\u00e1s deszenzitiz\u00e1l\u00e1s \u00e9s \u00e1tdolgoz\u00e1s, egy tudom\u00e1nyosan megalapozott pszichoter\u00e1pi\u00e1s m\u00f3dszer, amely seg\u00edt a traumatikus \u00e9lm\u00e9nyek feldolgoz\u00e1s\u00e1ban. Dr. Francine Shapiro fejlesztette ki az 1980-as \u00e9vek v\u00e9g\u00e9n, \u00e9s m\u00e1ra vil\u00e1gszerte elismert m\u00f3dszerr\u00e9 v\u00e1lt. Mi az a trauma? &#8220;A trauma az emberi \u00e9let...","protected":false},"author":3,"featured_media":0,"parent":0,"menu_order":0,"comment_status":"closed","ping_status":"closed","template":"","meta":{"footnotes":""},"class_list":["post-132","page","type-page","status-publish","hentry"],"_links":{"self":[{"href":"https:\/\/psiholog-satu-mare.com\/hu\/wp-json\/wp\/v2\/pages\/132","targetHints":{"allow":["GET"]}}],"collection":[{"href":"https:\/\/psiholog-satu-mare.com\/hu\/wp-json\/wp\/v2\/pages"}],"about":[{"href":"https:\/\/psiholog-satu-mare.com\/hu\/wp-json\/wp\/v2\/types\/page"}],"author":[{"embeddable":true,"href":"https:\/\/psiholog-satu-mare.com\/hu\/wp-json\/wp\/v2\/users\/3"}],"replies":[{"embeddable":true,"href":"https:\/\/psiholog-satu-mare.com\/hu\/wp-json\/wp\/v2\/comments?post=132"}],"version-history":[{"count":4,"href":"https:\/\/psiholog-satu-mare.com\/hu\/wp-json\/wp\/v2\/pages\/132\/revisions"}],"predecessor-version":[{"id":319,"href":"https:\/\/psiholog-satu-mare.com\/hu\/wp-json\/wp\/v2\/pages\/132\/revisions\/319"}],"wp:attachment":[{"href":"https:\/\/psiholog-satu-mare.com\/hu\/wp-json\/wp\/v2\/media?parent=132"}],"curies":[{"name":"wp","href":"https:\/\/api.w.org\/{rel}","templated":true}]}}

EMDR Terápia – Hatékony Módszer a Traumafeldolgozásban

<section class="l-section wpb_row height_medium"><div class="l-section-h i-cf"><div class="g-cols vc_row via_flex valign_top type_default stacking_default"><div class="vc_col-sm-12 wpb_column vc_column_container"><div class="vc_column-inner"><div class="wpb_wrapper"><div class="wpb_text_column"><div class="wpb_wrapper"><h1>EMDR Terápia – Hatékony Módszer a Traumafeldolgozásban</h1>
</div></div></div></div></div></div></div></section><section class="l-section wpb_row height_medium"><div class="l-section-h i-cf"><div class="g-cols vc_row via_flex valign_top type_default stacking_default"><div class="vc_col-sm-12 wpb_column vc_column_container"><div class="vc_column-inner"><div class="wpb_wrapper"><div class="wpb_text_column"><div class="wpb_wrapper"><p class="p1">Az EMDR terápia (Eye Movement Desensitization and Reprocessing), magyarul szemmozgás deszenzitizálás és átdolgozás, egy tudományosan megalapozott pszichoterápiás módszer, amely segít a traumatikus élmények feldolgozásában. Dr. Francine Shapiro fejlesztette ki az 1980-as évek végén, és mára világszerte elismert módszerré vált.</p>
<p class="p1"><b>Mi az a trauma?</b></p>
<p class="p2"><em>&#8220;A trauma az emberi élet része, de nem kell, hogy meghatározza az életünket.&#8221;   </em><strong>&#8211; Peter Levine &#8211;</strong></p>
<p class="p1">A <b>trauma</b> olyan esemény vagy sorozatos esemény, amely meghaladja az egyén megküzdési képességeit, hirtelen sokkhatásként éri, és hosszan tartó lelki nyomot hagy. A trauma lehet fizikai, érzelmi vagy pszichológiai eredetű, és gyakran kapcsolódik veszteséghez, erőszakhoz, balesethez, természeti katasztrófához, vagy bármilyen olyan helyzethez, amelyben az egyén tehetetlennek érzi magát.</p>
<p class="p1">A trauma hatásai rendkívül sokfélék lehetnek:</p>
<ul class="ul1">
<li class="li1"><span class="s1"></span>Érzelmi tünetek: szorongás, félelem, düh, bűntudat, érzelmi zsibbadtság.</li>
<li class="li1"><span class="s1"></span>Fizikai tünetek: alvási zavarok, fejfájás, fájdalmak, fáradtság.</li>
<li class="li1"><span class="s1"></span>Viselkedésbeli változások: elkerülő magatartás, fókuszálási nehézségek, ingerlékenység.</li>
</ul>
<p class="p1">Nem mindenkit érint ugyanúz a trauma ugyanolyan mélységben. Ami az egyik személy számára feldolgozható, az másnap számára komoly lelki megterhelést okozhat.</p>
<p class="p1"><b>Hogyan működik az EMDR terápia?</b><b></b></p>
<p class="p1">Az EMDR terápia alapja, hogy a traumatikus emlékek gyakran nem megfelelően dolgozódnak fel, ami szorongáshoz, poszttraumás stressz szindrómához (PTSD), depresszióhoz és egyéb lelki tünetekhez vezethet. Az EMDR során a páciens biztonságos környezetben, a terapeuta irányításával visszaemlékezik a megterhelő eseményekre, miközben szemmozgásokat vagy egyéb bilaterális stimulációt alkalmaznak. Ez elősegíti az agy információfeldolgozási folyamatait, csökkentve az emlék negatív hatását.</p>
<p class="p1"><b>Milyen problékákra alkalmazható?</b><b></b></p>
<p class="p1">Az EMDR terápia hatékony lehet többek között az alábbi esetekben:</p>
<ul class="ul1">
<li class="li1"><span class="s1"></span>Poszttraumás stressz zavar (PTSD)</li>
<li class="li1"><span class="s1"></span>Szorongásos zavarok</li>
<li class="li1"><span class="s1"></span>Fóbiák</li>
<li class="li1"><span class="s1"></span>Depresszió</li>
<li class="li1"><span class="s1"></span>Gyászfeldolgozás</li>
<li class="li1"><span class="s1"></span>Krónikus stressz és alacsony önbecsülés</li>
</ul>
<p class="p1"><b>Miért válassza az EMDR terápiát?</b><b></b></p>
<ul class="ul1">
<li class="li1"><span class="s1"></span>Tudományosan igazolt hatékonyság</li>
<li class="li1"><span class="s1"></span>Gyorsabb eredmények a hagyományos módszerekhez képest</li>
<li class="li1"><span class="s1"></span>Nem szükséges részletes verbális feldolgozás</li>
<li class="li1"><span class="s1"></span>Biztonságos és strukturált megközelítés</li>
</ul>
</div></div></div></div></div></div></div></section><section class="l-section wpb_row height_medium"><div class="l-section-h i-cf"><div class="g-cols vc_row via_flex valign_top type_default stacking_default"><div class="vc_col-sm-12 wpb_column vc_column_container"><div class="vc_column-inner"><div class="wpb_wrapper"><div class="w-image align_none"><div class="w-image-h"><img decoding="async" width="1400" height="1399" src="https://psiholog-satu-mare.com/hu/wp-content/uploads/2024/10/Kepernyofoto-2024-10-18-15.01.13.jpg" class="attachment-full size-full" alt="" loading="lazy" srcset="https://psiholog-satu-mare.com/hu/wp-content/uploads/2024/10/Kepernyofoto-2024-10-18-15.01.13.jpg 1400w, https://psiholog-satu-mare.com/hu/wp-content/uploads/2024/10/Kepernyofoto-2024-10-18-15.01.13-300x300.jpg 300w, https://psiholog-satu-mare.com/hu/wp-content/uploads/2024/10/Kepernyofoto-2024-10-18-15.01.13-1024x1024.jpg 1024w, https://psiholog-satu-mare.com/hu/wp-content/uploads/2024/10/Kepernyofoto-2024-10-18-15.01.13-150x150.jpg 150w" sizes="auto, (max-width: 1400px) 100vw, 1400px" /></div></div></div></div></div></div></div></section>

EMDR Terápia – Hatékony Módszer a Traumafeldolgozásban Az EMDR terápia (Eye Movement Desensitization and Reprocessing), magyarul szemmozgás deszenzitizálás és átdolgozás, egy tudományosan megalapozott pszichoterápiás módszer, amely segít a traumatikus élmények feldolgozásában. Dr. Francine Shapiro fejlesztette ki az 1980-as évek végén, és mára világszerte elismert módszerré vált. Mi az a trauma? &#8220;A trauma az emberi élet...
