{"id":137,"date":"2024-10-21T05:29:54","date_gmt":"2024-10-21T05:29:54","guid":{"rendered":"https:\/\/psiholog-satu-mare.com\/hu\/?page_id=137"},"modified":"2026-01-09T09:31:10","modified_gmt":"2026-01-09T09:31:10","slug":"barbara-beata-klinikai-szakpszichologus-integrativ-pszichoterapeuta","status":"publish","type":"page","link":"https:\/\/psiholog-satu-mare.com\/hu\/barbara-beata-klinikai-szakpszichologus-integrativ-pszichoterapeuta\/","title":{"rendered":"BARBARA BE\u00c1TA\u2028KLINIKAI SZAKPSZICHOL\u00d3GUS\u2028INTEGRATIV PSZICHOTERAPEUTA"},"content":{"rendered":"<section class=\"l-section wpb_row height_medium\"><div class=\"l-section-h i-cf\"><div class=\"g-cols vc_row via_flex valign_top type_default stacking_default\"><div class=\"vc_col-sm-12 wpb_column vc_column_container\"><div class=\"vc_column-inner\"><div class=\"wpb_wrapper\"><div class=\"wpb_text_column\"><div class=\"wpb_wrapper\"><h1>BARBARA BE\u00c1TA\u2028KLINIKAI SZAKPSZICHOL\u00d3GUS\u2028INTEGRATIV PSZICHOTERAPEUTA<\/h1>\n<\/div><\/div><\/div><\/div><\/div><\/div><\/div><\/section><section class=\"l-section wpb_row height_medium\"><div class=\"l-section-h i-cf\"><div class=\"g-cols vc_row via_flex valign_top type_default stacking_default\"><div class=\"vc_col-sm-12 wpb_column vc_column_container\"><div class=\"vc_column-inner\"><div class=\"wpb_wrapper\"><div class=\"wpb_text_column\"><div class=\"wpb_wrapper\"><p>Auton\u00f3m klinikai szakpszichol\u00f3gus \u00e9s integrat\u00edv pszichoterapeuta vagyok, Szatm\u00e1rn\u00e9metiben \u00f6n\u00e1ll\u00f3 m\u0171k\u00f6d\u00e9si enged\u00e9llyel bir\u00f3 rendel\u0151vel rendelkezem. Tagja vagyok a Rom\u00e1niai Pszichol\u00f3gusok Kamar\u00e1j\u00e1nak, az Rom\u00e1niai Integrativ Pszichoter\u00e1pi\u00e1s Egyes\u00fcletnek, \u00e9s a Rom\u00e1niai EMDR Egyes\u00fcletnek.<\/p>\n<p>Integrativ pszichoterapeutak\u00e9nt t\u00f6bb \u00e9ves szakmai k\u00e9pz\u00e9sen vettem r\u00e9szt, emellett sz\u00e1mtalan konferenci\u00e1n, t\u00e1borban b\u0151vitettem szaktud\u00e1som. A sok \u00e9v alatt elsaj\u00e1titott m\u00f3dszerek szem\u00e9lyre szab\u00e1s\u00e1val, megold\u00e1st tudok ny\u00fajtani azoknak a szem\u00e9lyeknek, akik hozz\u00e1m fordulnak segits\u00e9g\u00e9rt.<\/p>\n<p>A megr\u00e1z\u00f3, felkavar\u00f3 esem\u00e9nyeket nem mindig tudjuk megfel\u0151en feldolgozni, igy azok lelki zavarokhoz vezethetnek.<\/p>\n<p>EMDR ( szemmozg\u00e1sokkal t\u00f6rt\u00e9n\u0151 deszenzitiz\u00e1l\u00e1s \u00e9s \u00fajrafeldolgoz\u00e1s) terapeutak\u00e9nt hat\u00e9konyan segitek a traumatikus \u00e9lm\u00e9nyek k\u00f6vetkezt\u00e9ben kialakult maradand\u00f3 probl\u00e9m\u00e1k kezel\u00e9s\u00e9ben. Ilyenek lehetnek egy k\u00f6zleked\u00e9si baleset, vesztes\u00e9gek, hal\u00e1leset, szexu\u00e1lis zaklat\u00e1s, lelki b\u00e1ntalmaz\u00e1s, megal\u00e1z\u00f3 helyzetek, cs\u00fafol\u00f3d\u00e1s, kik\u00f6z\u00f6sit\u00e9s az iskol\u00e1ban vagy fizikai b\u00e1ntalmaz\u00e1s, de sok m\u00e1s feldolgozatlan traum\u00e1t cipelhet\u00fcnk.<\/p>\n<\/div><\/div><\/div><\/div><\/div><\/div><\/div><\/section><section class=\"l-section wpb_row height_medium\"><div class=\"l-section-h i-cf\"><div class=\"g-cols vc_row via_flex valign_top type_default stacking_default\"><div class=\"vc_col-sm-12 wpb_column vc_column_container\"><div class=\"vc_column-inner\"><div class=\"wpb_wrapper\"><div class=\"w-image align_none\"><div class=\"w-image-h\"><img decoding=\"async\" width=\"1400\" height=\"933\" src=\"https:\/\/psiholog-satu-mare.com\/hu\/wp-content\/uploads\/2025\/02\/BAR_2634-scaled.jpg\" class=\"attachment-full size-full\" alt=\"\" loading=\"lazy\" srcset=\"https:\/\/psiholog-satu-mare.com\/hu\/wp-content\/uploads\/2025\/02\/BAR_2634-scaled.jpg 1400w, https:\/\/psiholog-satu-mare.com\/hu\/wp-content\/uploads\/2025\/02\/BAR_2634-300x200.jpg 300w, https:\/\/psiholog-satu-mare.com\/hu\/wp-content\/uploads\/2025\/02\/BAR_2634-1024x683.jpg 1024w\" sizes=\"auto, (max-width: 1400px) 100vw, 1400px\" \/><\/div><\/div><\/div><\/div><\/div><\/div><\/div><\/section>\n","protected":false},"excerpt":{"rendered":"BARBARA BE\u00c1TA\u2028KLINIKAI SZAKPSZICHOL\u00d3GUS\u2028INTEGRATIV PSZICHOTERAPEUTA Auton\u00f3m klinikai szakpszichol\u00f3gus \u00e9s integrat\u00edv pszichoterapeuta vagyok, Szatm\u00e1rn\u00e9metiben \u00f6n\u00e1ll\u00f3 m\u0171k\u00f6d\u00e9si enged\u00e9llyel bir\u00f3 rendel\u0151vel rendelkezem. Tagja vagyok a Rom\u00e1niai Pszichol\u00f3gusok Kamar\u00e1j\u00e1nak, az Rom\u00e1niai Integrativ Pszichoter\u00e1pi\u00e1s Egyes\u00fcletnek, \u00e9s a Rom\u00e1niai EMDR Egyes\u00fcletnek. Integrativ pszichoterapeutak\u00e9nt t\u00f6bb \u00e9ves szakmai k\u00e9pz\u00e9sen vettem r\u00e9szt, emellett sz\u00e1mtalan konferenci\u00e1n, t\u00e1borban b\u0151vitettem szaktud\u00e1som. A sok \u00e9v alatt elsaj\u00e1titott m\u00f3dszerek szem\u00e9lyre...","protected":false},"author":3,"featured_media":0,"parent":0,"menu_order":0,"comment_status":"closed","ping_status":"closed","template":"","meta":{"footnotes":""},"class_list":["post-137","page","type-page","status-publish","hentry"],"_links":{"self":[{"href":"https:\/\/psiholog-satu-mare.com\/hu\/wp-json\/wp\/v2\/pages\/137","targetHints":{"allow":["GET"]}}],"collection":[{"href":"https:\/\/psiholog-satu-mare.com\/hu\/wp-json\/wp\/v2\/pages"}],"about":[{"href":"https:\/\/psiholog-satu-mare.com\/hu\/wp-json\/wp\/v2\/types\/page"}],"author":[{"embeddable":true,"href":"https:\/\/psiholog-satu-mare.com\/hu\/wp-json\/wp\/v2\/users\/3"}],"replies":[{"embeddable":true,"href":"https:\/\/psiholog-satu-mare.com\/hu\/wp-json\/wp\/v2\/comments?post=137"}],"version-history":[{"count":7,"href":"https:\/\/psiholog-satu-mare.com\/hu\/wp-json\/wp\/v2\/pages\/137\/revisions"}],"predecessor-version":[{"id":355,"href":"https:\/\/psiholog-satu-mare.com\/hu\/wp-json\/wp\/v2\/pages\/137\/revisions\/355"}],"wp:attachment":[{"href":"https:\/\/psiholog-satu-mare.com\/hu\/wp-json\/wp\/v2\/media?parent=137"}],"curies":[{"name":"wp","href":"https:\/\/api.w.org\/{rel}","templated":true}]}}

BARBARA BEÁTA KLINIKAI SZAKPSZICHOLÓGUS INTEGRATIV PSZICHOTERAPEUTA

<section class="l-section wpb_row height_medium"><div class="l-section-h i-cf"><div class="g-cols vc_row via_flex valign_top type_default stacking_default"><div class="vc_col-sm-12 wpb_column vc_column_container"><div class="vc_column-inner"><div class="wpb_wrapper"><div class="wpb_text_column"><div class="wpb_wrapper"><h1>BARBARA BEÁTA KLINIKAI SZAKPSZICHOLÓGUS INTEGRATIV PSZICHOTERAPEUTA</h1>
</div></div></div></div></div></div></div></section><section class="l-section wpb_row height_medium"><div class="l-section-h i-cf"><div class="g-cols vc_row via_flex valign_top type_default stacking_default"><div class="vc_col-sm-12 wpb_column vc_column_container"><div class="vc_column-inner"><div class="wpb_wrapper"><div class="wpb_text_column"><div class="wpb_wrapper"><p>Autonóm klinikai szakpszichológus és integratív pszichoterapeuta vagyok, Szatmárnémetiben önálló működési engedéllyel biró rendelővel rendelkezem. Tagja vagyok a Romániai Pszichológusok Kamarájának, az Romániai Integrativ Pszichoterápiás Egyesületnek, és a Romániai EMDR Egyesületnek.</p>
<p>Integrativ pszichoterapeutaként több éves szakmai képzésen vettem részt, emellett számtalan konferencián, táborban bővitettem szaktudásom. A sok év alatt elsajátitott módszerek személyre szabásával, megoldást tudok nyújtani azoknak a személyeknek, akik hozzám fordulnak segitségért.</p>
<p>A megrázó, felkavaró eseményeket nem mindig tudjuk megfelően feldolgozni, igy azok lelki zavarokhoz vezethetnek.</p>
<p>EMDR ( szemmozgásokkal történő deszenzitizálás és újrafeldolgozás) terapeutaként hatékonyan segitek a traumatikus élmények következtében kialakult maradandó problémák kezelésében. Ilyenek lehetnek egy közlekedési baleset, veszteségek, haláleset, szexuális zaklatás, lelki bántalmazás, megalázó helyzetek, csúfolódás, kiközösités az iskolában vagy fizikai bántalmazás, de sok más feldolgozatlan traumát cipelhetünk.</p>
</div></div></div></div></div></div></div></section><section class="l-section wpb_row height_medium"><div class="l-section-h i-cf"><div class="g-cols vc_row via_flex valign_top type_default stacking_default"><div class="vc_col-sm-12 wpb_column vc_column_container"><div class="vc_column-inner"><div class="wpb_wrapper"><div class="w-image align_none"><div class="w-image-h"><img decoding="async" width="1400" height="933" src="https://psiholog-satu-mare.com/hu/wp-content/uploads/2025/02/BAR_2634-scaled.jpg" class="attachment-full size-full" alt="" loading="lazy" srcset="https://psiholog-satu-mare.com/hu/wp-content/uploads/2025/02/BAR_2634-scaled.jpg 1400w, https://psiholog-satu-mare.com/hu/wp-content/uploads/2025/02/BAR_2634-300x200.jpg 300w, https://psiholog-satu-mare.com/hu/wp-content/uploads/2025/02/BAR_2634-1024x683.jpg 1024w" sizes="auto, (max-width: 1400px) 100vw, 1400px" /></div></div></div></div></div></div></div></section>

BARBARA BEÁTA KLINIKAI SZAKPSZICHOLÓGUS INTEGRATIV PSZICHOTERAPEUTA Autonóm klinikai szakpszichológus és integratív pszichoterapeuta vagyok, Szatmárnémetiben önálló működési engedéllyel biró rendelővel rendelkezem. Tagja vagyok a Romániai Pszichológusok Kamarájának, az Romániai Integrativ Pszichoterápiás Egyesületnek, és a Romániai EMDR Egyesületnek. Integrativ pszichoterapeutaként több éves szakmai képzésen vettem részt, emellett számtalan konferencián, táborban bővitettem szaktudásom. A sok év alatt elsajátitott módszerek személyre...
