{"id":370,"date":"2026-03-24T08:11:15","date_gmt":"2026-03-24T08:11:15","guid":{"rendered":"https:\/\/psiholog-satu-mare.com\/hu\/?page_id=370"},"modified":"2026-04-02T06:30:59","modified_gmt":"2026-04-02T06:30:59","slug":"blog","status":"publish","type":"page","link":"https:\/\/psiholog-satu-mare.com\/hu\/blog\/","title":{"rendered":"Blog"},"content":{"rendered":"<section class=\"l-section wpb_row row2 pad3 height_medium\"><div class=\"l-section-h i-cf\"><div class=\"g-cols vc_row via_flex valign_top type_default stacking_default\"><div class=\"vc_col-sm-12 wpb_column vc_column_container\"><div class=\"vc_column-inner\"><div class=\"wpb_wrapper\"><div class=\"g-cols wpb_row us_custom_432d3f53 whitetxt via_flex valign_top type_default stacking_default\"><div class=\"vc_col-sm-12 wpb_column vc_column_container\"><div class=\"vc_column-inner\"><div class=\"wpb_wrapper\"><div class=\"wpb_text_column img\"><div class=\"wpb_wrapper\"><p><img loading=\"lazy\" decoding=\"async\" class=\"alignnone size-medium wp-image-378\" src=\"https:\/\/psiholog-satu-mare.com\/hu\/wp-content\/uploads\/2026\/03\/ido-kep-300x300.webp\" alt=\"\" width=\"300\" height=\"300\" srcset=\"https:\/\/psiholog-satu-mare.com\/hu\/wp-content\/uploads\/2026\/03\/ido-kep-300x300.webp 300w, https:\/\/psiholog-satu-mare.com\/hu\/wp-content\/uploads\/2026\/03\/ido-kep-1024x1024.webp 1024w, https:\/\/psiholog-satu-mare.com\/hu\/wp-content\/uploads\/2026\/03\/ido-kep-150x150.webp 150w, https:\/\/psiholog-satu-mare.com\/hu\/wp-content\/uploads\/2026\/03\/ido-kep-scaled.webp 1400w\" sizes=\"auto, (max-width: 300px) 100vw, 300px\" \/><\/p>\n<\/div><\/div><div class=\"wpb_text_column us_custom_6bf59908 blog-txt\"><div class=\"wpb_wrapper\"><h3>V\u00e1ltoztatn\u00e1l rajta, ha l\u00e1tn\u00e1d az eg\u00e9szet?<\/h3>\n<p>Van egy k\u00e9rd\u00e9s, amely nem hangos, nem k\u00f6vetel v\u00e1laszt, m\u00e9gis ott marad benn\u00fcnk, \u00e9s lassan, szinte \u00e9szrev\u00e9tlen\u00fcl elkezdi \u00e1t\u00edrni azt a m\u00f3dot ahogyan az \u00e9let\u00fcnket szeml\u00e9lj\u00fck.<\/p>\n<p>Ha tudn\u00e1d az eg\u00e9sz \u00e9leted t\u00f6rt\u00e9net\u00e9t az elej\u00e9t\u0151l a v\u00e9g\u00e9ig\u2026 v\u00e1ltoztatn\u00e1l rajta?<br \/>\nHa el\u0151re l\u00e1tn\u00e1d minden \u00f6r\u00f6m\u00e9t \u00e9s minden f\u00e1jdalm\u00e1t, minden tal\u00e1lkoz\u00e1st \u00e9s minden vesztes\u00e9get\u2026 m\u00e1sk\u00e9pp d\u00f6nten\u00e9l?<br \/>\nVagy v\u00e9gigmenn\u00e9l ugyanazon az \u00faton, mert tudod, hogy minden pillanat \u2014 m\u00e9g a legnehezebbek is \u2014 ahhoz vezetnek, ami igaz\u00e1n sz\u00e1m\u00edt?<\/p>\n<p>El\u0151sz\u00f6r tal\u00e1n azt mondan\u00e1nk: igen. Term\u00e9szetesen v\u00e1ltoztatn\u00e9k. Ki ne akarn\u00e1 elker\u00fclni a vesztes\u00e9get, a t\u00f6r\u00e9seket, azokat az \u00e9jszak\u00e1kat, amikor \u00fagy \u00e9rezt\u00fck, hogy valami v\u00e9g\u00e9rv\u00e9nyesen darabokra hullott benn\u00fcnk?<\/p>\n<p>Megmenten\u00e9nk kapcsolatokat. Visszavonn\u00e1nk kimondott mondatokat.<br \/>\nM\u00e1skor maradn\u00e1nk \u2014 vagy \u00e9ppen elmenn\u00e9nk id\u0151ben.<\/p>\n<p>\u00c9s m\u00e9gis\u2026 ha egy pillanatra tov\u00e1bb id\u0151z\u00fcnk enn\u00e9l a k\u00e9rd\u00e9sn\u00e9l, valami lassan elmozdul benn\u00fcnk.<\/p>\n<p>Mert amit elker\u00fcln\u00e9nk\u2026 az nemcsak a f\u00e1jdalom, azokat a kapcsolatok is elker\u00fcln\u00e9nk, amelyek miatt a f\u00e1jdalom egy\u00e1ltal\u00e1n megsz\u00fcletett.<\/p>\n<p>A gy\u00e1sz nem v\u00e9letlen\u00fcl ilyen m\u00e9ly. Nem az\u00e9rt f\u00e1j, mert valami \u201erosszul t\u00f6rt\u00e9nt\u201d, hanem mert valami egyszer igaz\u00e1n fontos volt.<br \/>\n\u201cA gy\u00e1sz az \u00e1ra annak, hogy valaha mert\u00fcnk szeretni.\u201d<\/p>\n<p>\u00c9s tal\u00e1n ez az egyik legnehezebb igazs\u00e1g, amivel szembe kell n\u00e9zn\u00fcnk:hogy a f\u00e1jdalom nem a szeretet ellent\u00e9te. Hanem annak a nyoma.<\/p>\n<p>Mert nem lehet \u00fagy szeretni, hogy k\u00f6zben ne kock\u00e1ztatn\u00e1nk a vesztes\u00e9get.<br \/>\nNem lehet \u00fagy k\u00f6zel engedni valakit, hogy k\u00f6zben ne v\u00e1ljunk sebezhet\u0151v\u00e9.<\/p>\n<p>\u00c9s ha \u00fagy d\u00f6nt\u00fcnk, hogy ezt nem v\u00e1llaljuk \u2014 ha \u00f3vatosak lesz\u00fcnk, ha visszatartjuk magunkat, ha nem engedj\u00fck meg a m\u00e9lys\u00e9get \u2014 akkor tal\u00e1n val\u00f3ban kevesebb f\u00e1jdalmat \u00e9l\u00fcnk \u00e1t.<\/p>\n<p>De k\u00f6zben \u00e9szrev\u00e9tlen\u00fcl lemondunk valami m\u00e1sr\u00f3l is. Arr\u00f3l a fajta \u00f6r\u00f6mr\u0151l, ami csak akkor sz\u00fcletik meg, amikor valaki igaz\u00e1n sz\u00e1m\u00edt, az \u00e9lm\u00e9nyr\u0151l, amikor egy m\u00e1sik ember jelenl\u00e9te alak\u00edt minket.<\/p>\n<p>\u00c9s tal\u00e1n ez\u00e9rt v\u00e1lik ez a k\u00e9rd\u00e9s v\u00e9g\u00fcl nem d\u00f6nt\u00e9ss\u00e9, hanem felismer\u00e9ss\u00e9.<\/p>\n<p>Hogy az \u00e9let nem egy t\u00f6rt\u00e9net, amit hib\u00e1tlanra kell \u00edrni, hanem egy \u00fat, amelynek \u00e9ppen a t\u00f6r\u00e9sei, a vesztes\u00e9gei \u00e9s a m\u00e9lys\u00e9gei adj\u00e1k a jelent\u00e9s\u00e9t.<\/p>\n<p>\u00c9s amikor innen n\u00e9z\u00fcnk r\u00e1 \u2014 amikor m\u00e1r nemcsak t\u00fal\u00e9lni akarunk, hanem meg\u00e9lni \u2014, akkor tal\u00e1n a v\u00e1lasz is megv\u00e1ltozik.<\/p>\n<p>Lehet, hogy nem v\u00e1ltoztatn\u00e1nk, nem az\u00e9rt, mert nem f\u00e1jt, nem az\u00e9rt, mert nem voltak vesztes\u00e9gek. Hanem mert minden f\u00e1jdalom m\u00f6g\u00f6tt ott volt valami, ami egyszer fontos volt.<br \/>\nValami, amit \u00e9rdemes volt meg\u00e9lni.<\/p>\n<p>\u00c9s tal\u00e1n v\u00e9g\u00fcl nem az a k\u00e9rd\u00e9s, hogy elker\u00fclhett\u00fck volna-e a szenved\u00e9st, hanem az, hogy volt-e b\u00e1tors\u00e1gunk szeretni \u00fagy, hogy tudtuk \u2014 vagy tal\u00e1n csak sejtett\u00fck \u2014hogy egyszer majd f\u00e1jni fog.<\/p>\n<p>\u00c9s ha igen\u2026 akkor tal\u00e1n az eg\u00e9sz t\u00f6rt\u00e9net, az elej\u00e9t\u0151l a v\u00e9g\u00e9ig, minden t\u00f6r\u00e9ssel \u00e9s minden sz\u00e9ps\u00e9ggel egy\u00fctt\u00a0 m\u00e9gis meg\u00e9rte.<\/p>\n<\/div><\/div><\/div><\/div><\/div><\/div><\/div><\/div><\/div><\/div><\/div><\/section>\n","protected":false},"excerpt":{"rendered":"V\u00e1ltoztatn\u00e1l rajta, ha l\u00e1tn\u00e1d az eg\u00e9szet? Van egy k\u00e9rd\u00e9s, amely nem hangos, nem k\u00f6vetel v\u00e1laszt, m\u00e9gis ott marad benn\u00fcnk, \u00e9s lassan, szinte \u00e9szrev\u00e9tlen\u00fcl elkezdi \u00e1t\u00edrni azt a m\u00f3dot ahogyan az \u00e9let\u00fcnket szeml\u00e9lj\u00fck. Ha tudn\u00e1d az eg\u00e9sz \u00e9leted t\u00f6rt\u00e9net\u00e9t az elej\u00e9t\u0151l a v\u00e9g\u00e9ig\u2026 v\u00e1ltoztatn\u00e1l rajta? Ha el\u0151re l\u00e1tn\u00e1d minden \u00f6r\u00f6m\u00e9t \u00e9s minden f\u00e1jdalm\u00e1t, minden tal\u00e1lkoz\u00e1st \u00e9s...","protected":false},"author":4,"featured_media":0,"parent":0,"menu_order":0,"comment_status":"closed","ping_status":"closed","template":"","meta":{"footnotes":""},"class_list":["post-370","page","type-page","status-publish","hentry"],"_links":{"self":[{"href":"https:\/\/psiholog-satu-mare.com\/hu\/wp-json\/wp\/v2\/pages\/370","targetHints":{"allow":["GET"]}}],"collection":[{"href":"https:\/\/psiholog-satu-mare.com\/hu\/wp-json\/wp\/v2\/pages"}],"about":[{"href":"https:\/\/psiholog-satu-mare.com\/hu\/wp-json\/wp\/v2\/types\/page"}],"author":[{"embeddable":true,"href":"https:\/\/psiholog-satu-mare.com\/hu\/wp-json\/wp\/v2\/users\/4"}],"replies":[{"embeddable":true,"href":"https:\/\/psiholog-satu-mare.com\/hu\/wp-json\/wp\/v2\/comments?post=370"}],"version-history":[{"count":21,"href":"https:\/\/psiholog-satu-mare.com\/hu\/wp-json\/wp\/v2\/pages\/370\/revisions"}],"predecessor-version":[{"id":376,"href":"https:\/\/psiholog-satu-mare.com\/hu\/wp-json\/wp\/v2\/pages\/370\/revisions\/376"}],"wp:attachment":[{"href":"https:\/\/psiholog-satu-mare.com\/hu\/wp-json\/wp\/v2\/media?parent=370"}],"curies":[{"name":"wp","href":"https:\/\/api.w.org\/{rel}","templated":true}]}}

<section class="l-section wpb_row row2 pad3 height_medium"><div class="l-section-h i-cf"><div class="g-cols vc_row via_flex valign_top type_default stacking_default"><div class="vc_col-sm-12 wpb_column vc_column_container"><div class="vc_column-inner"><div class="wpb_wrapper"><div class="g-cols wpb_row us_custom_432d3f53 whitetxt via_flex valign_top type_default stacking_default"><div class="vc_col-sm-12 wpb_column vc_column_container"><div class="vc_column-inner"><div class="wpb_wrapper"><div class="wpb_text_column img"><div class="wpb_wrapper"><p><img loading="lazy" decoding="async" class="alignnone size-medium wp-image-378" src="https://psiholog-satu-mare.com/hu/wp-content/uploads/2026/03/ido-kep-300x300.webp" alt="" width="300" height="300" srcset="https://psiholog-satu-mare.com/hu/wp-content/uploads/2026/03/ido-kep-300x300.webp 300w, https://psiholog-satu-mare.com/hu/wp-content/uploads/2026/03/ido-kep-1024x1024.webp 1024w, https://psiholog-satu-mare.com/hu/wp-content/uploads/2026/03/ido-kep-150x150.webp 150w, https://psiholog-satu-mare.com/hu/wp-content/uploads/2026/03/ido-kep-scaled.webp 1400w" sizes="auto, (max-width: 300px) 100vw, 300px" /></p>
</div></div><div class="wpb_text_column us_custom_6bf59908 blog-txt"><div class="wpb_wrapper"><h3>Változtatnál rajta, ha látnád az egészet?</h3>
<p>Van egy kérdés, amely nem hangos, nem követel választ, mégis ott marad bennünk, és lassan, szinte észrevétlenül elkezdi átírni azt a módot ahogyan az életünket szemléljük.</p>
<p>Ha tudnád az egész életed történetét az elejétől a végéig… változtatnál rajta?<br />
Ha előre látnád minden örömét és minden fájdalmát, minden találkozást és minden veszteséget… másképp döntenél?<br />
Vagy végigmennél ugyanazon az úton, mert tudod, hogy minden pillanat — még a legnehezebbek is — ahhoz vezetnek, ami igazán számít?</p>
<p>Először talán azt mondanánk: igen. Természetesen változtatnék. Ki ne akarná elkerülni a veszteséget, a töréseket, azokat az éjszakákat, amikor úgy éreztük, hogy valami végérvényesen darabokra hullott bennünk?</p>
<p>Megmentenénk kapcsolatokat. Visszavonnánk kimondott mondatokat.<br />
Máskor maradnánk — vagy éppen elmennénk időben.</p>
<p>És mégis… ha egy pillanatra tovább időzünk ennél a kérdésnél, valami lassan elmozdul bennünk.</p>
<p>Mert amit elkerülnénk… az nemcsak a fájdalom, azokat a kapcsolatok is elkerülnénk, amelyek miatt a fájdalom egyáltalán megszületett.</p>
<p>A gyász nem véletlenül ilyen mély. Nem azért fáj, mert valami „rosszul történt”, hanem mert valami egyszer igazán fontos volt.<br />
“A gyász az ára annak, hogy valaha mertünk szeretni.”</p>
<p>És talán ez az egyik legnehezebb igazság, amivel szembe kell néznünk:hogy a fájdalom nem a szeretet ellentéte. Hanem annak a nyoma.</p>
<p>Mert nem lehet úgy szeretni, hogy közben ne kockáztatnánk a veszteséget.<br />
Nem lehet úgy közel engedni valakit, hogy közben ne váljunk sebezhetővé.</p>
<p>És ha úgy döntünk, hogy ezt nem vállaljuk — ha óvatosak leszünk, ha visszatartjuk magunkat, ha nem engedjük meg a mélységet — akkor talán valóban kevesebb fájdalmat élünk át.</p>
<p>De közben észrevétlenül lemondunk valami másról is. Arról a fajta örömről, ami csak akkor születik meg, amikor valaki igazán számít, az élményről, amikor egy másik ember jelenléte alakít minket.</p>
<p>És talán ezért válik ez a kérdés végül nem döntéssé, hanem felismeréssé.</p>
<p>Hogy az élet nem egy történet, amit hibátlanra kell írni, hanem egy út, amelynek éppen a törései, a veszteségei és a mélységei adják a jelentését.</p>
<p>És amikor innen nézünk rá — amikor már nemcsak túlélni akarunk, hanem megélni —, akkor talán a válasz is megváltozik.</p>
<p>Lehet, hogy nem változtatnánk, nem azért, mert nem fájt, nem azért, mert nem voltak veszteségek. Hanem mert minden fájdalom mögött ott volt valami, ami egyszer fontos volt.<br />
Valami, amit érdemes volt megélni.</p>
<p>És talán végül nem az a kérdés, hogy elkerülhettük volna-e a szenvedést, hanem az, hogy volt-e bátorságunk szeretni úgy, hogy tudtuk — vagy talán csak sejtettük —hogy egyszer majd fájni fog.</p>
<p>És ha igen… akkor talán az egész történet, az elejétől a végéig, minden töréssel és minden szépséggel együtt  mégis megérte.</p>
</div></div></div></div></div></div></div></div></div></div></div></section>

Változtatnál rajta, ha látnád az egészet? Van egy kérdés, amely nem hangos, nem követel választ, mégis ott marad bennünk, és lassan, szinte észrevétlenül elkezdi átírni azt a módot ahogyan az életünket szemléljük. Ha tudnád az egész életed történetét az elejétől a végéig… változtatnál rajta? Ha előre látnád minden örömét és minden fájdalmát, minden találkozást és...
